 = 93 - 93. Suppose -9*h - 2*h + 1331 = n. What are the prime factors of h?
11
Let p be 330/25 + (-8)/(-10). Suppose 0 = p*z - 13*z - 25. Suppose -15 + z = c. What are the prime factors of c?
2, 5
Let v = -8963 - -10386. What are the prime factors of v?
1423
Let u = 10747 + -8575. What are the prime factors of u?
2, 3, 181
Let y(b) = 16*b**2 + 6 - 3 + 5*b - 30. What are the prime factors of y(3)?
2, 3, 11
Suppose 59*h - 28865 = 45593. List the prime factors of h.
2, 631
Suppose 2*y - 27456 = -i, 5*y + 129504 = 3*i + 47103. List the prime factors of i.
2, 3, 23, 199
Suppose -3*f - 1119 = 4*x, -x - 1122 - 370 = 4*f. Let o = -184 - f. List the prime factors of o.
3, 7
Let j = 77 - 73. Suppose -3*r + j*c - 39 = 0, 52 = 5*r - 9*r - 5*c. List the prime factors of r*5/(-15)*2*24.
2, 13
Let i(l) = -l**2 - 9*l + 13. Let f be i(-10). Suppose f*c - c - 133 = -3*k, -c + 3*k + 44 = 0. Suppose -102 = -7*x + c. What are the prime factors of x?
23
Let b(p) be the second derivative of p**4/12 - 29*p**3/6 + 17*p**2/2 + 2*p + 33. List the prime factors of b(-17).
17, 47
Suppose -15*c + 10*c = -180. Let a = -36 + c. Suppose i - 44 - 174 = a. List the prime factors of i.
2, 109
Suppose 0*j + 80 = 2*j - 3*p, 3*j - p = 113. Suppose -2*z + 59 = -j. Suppose 3*w - 258 - z = 0. List the prime factors of w.
2, 3, 17
What are the prime factors of 7 + ((-1413604)/(-22) - (-63)/231)?
2, 11, 23, 127
Suppose 0 = -3*y + 6, y + 4*y - 16 = -3*q. Suppose 8*p - 7*p = -4*k + 135, -5*p - q*k + 585 = 0. What are the prime factors of p?
5, 23
Suppose 544737 = 60*h - 152763. What are the prime factors of h?
3, 5, 31
Suppose 2*f - f - 3*n + 8 = 0, f = -5*n + 8. Suppose s = -5*o + 2, 6*s - 6 = 2*o + 3*s. What are the prime factors of ((-128)/(-10) + o)/(f/(-25))?
2, 5
Suppose 4*c - 5*c + 5*c = 0. Suppose y - 25 = 5*r, 3*y - y + 2*r - 2 = c. Suppose 0 = y*t - 10*t + 260. What are the prime factors of t?
2, 13
Suppose 0 = -4*z - 1 + 5. Suppose 5*o = -2*m + 5, -4*o - 2*m - z = -o. Suppose 3*n + 433 = o*v + 7*n, -v = -5*n - 119. List the prime factors of v.
139
Suppose -l + 30972 = 2*h, -h - 57*l + 53*l + 15479 = 0. Suppose 31*u = 14*u + h. What are the prime factors of u?
911
Suppose -j + 182 = -23. Suppose t - c = c + j, -5*t = -c - 1016. Suppose -609 - t = -7*o. List the prime factors of o.
2, 29
Let y = -4423 - -14104. List the prime factors of y.
3, 7, 461
Let o(a) = 109*a - 251. Let q be o(15). What are the prime factors of (-3)/((-36)/q)*(2 + 7)?
2, 3, 173
Let a(k) be the first derivative of k**4/4 + k**3/3 - 4*k**2 + 11*k + 41. What are the prime factors of a(8)?
523
Let t be (-7 + -1)/8*(-20 + -1). Suppose z + t = 26. Suppose -5*x + z = 5*b - 480, -b = -2*x - 106. List the prime factors of b.
2, 5
Let s = 195 - 190. Let k(g) be the second derivative of 19*g**3/6 - 10*g**2 - 4*g. What are the prime factors of k(s)?
3, 5
Suppose -10*l + l = -306. Suppose 2*w = -3*s + 56, 50 + l = 3*w - 3*s. Suppose -819 = -w*o + 25*o. What are the prime factors of o?
3, 7, 13
Let s(p) be the second derivative of -19*p**5/20 - p**4/12 - p**3/3 + p**2 + 3*p. Let h be s(1). What are the prime factors of 2*(-874)/h + 2/(-5)?
3, 29
Let v(s) = -s**2 + 6*s - 4. Let w be v(2). Suppose 0 = -w*i - 4*j + 304, 5*i + 0*j = -3*j + 374. What are the prime factors of i?
73
What are the prime factors of ((-12962)/(-6))/(928/48 + -19)?
6481
Suppose 5*v + 5 = 0, 3*j + v + 54 = 155. Suppose j = 16*x - 1326. List the prime factors of x.
5, 17
Let o = 3115 - 2146. Suppose o = 22*u - 21*u - 6*m, -5*u + 4980 = -3*m. List the prime factors of u.
3, 37
Let k(l) = -32*l - 122. Suppose -3*r - 59 = 2*w, 5*w + 205 = -0*w + 4*r. What are the prime factors of k(w)?
2, 3, 59
Suppose 2*i = 5*c + 3366, -2*i - 3372 = 5*c - i. What are the prime factors of 4*c/(-18) - 20/(-90)?
2, 3, 5
Let r be 9/(0 + -3)*(-10)/15. Suppose -6*x + 2*g = -5*x - 224, -r*g = 2*x - 454. List the prime factors of x.
2, 113
Suppose -708 - 622 = 10*l. Let a be 1*(-57*8/12 - 0). Let n = a - l. What are the prime factors of n?
5, 19
List the prime factors of (-4 - 100/(-28)) + (-310)/(-70) + 5353.
11, 487
Let k(p) = 174*p**2 + 11*p - 12. Let o(q) = q**2 - q. Let z(a) = k(a) + 5*o(a). Let x be z(4). What are the prime factors of (-2)/(-7) - x/(-28)?
103
Let p = -13 + 116. Let c = 276 + p. List the prime factors of c.
379
List the prime factors of (-1372270)/(-123)*(2/8 + 20/16).
5, 3347
Suppose 5*s + 46 = 2*a, 3*a - 20 = 2*a + 4*s. List the prime factors of (2 + 7/(-2))/((-21)/a).
2
What are the prime factors of -2*(2/(-19) - ((-2282142)/(-228) + -3))?
3, 7, 953
Let a(s) = 333*s**2 + 657*s + 6419. What are the prime factors of a(-10)?
33149
Let v = -48 + 58. Let o be 3/(-6) - v/(-4). Suppose a + o*a = 4*t + 45, 2*a = -5*t + 7. What are the prime factors of a?
11
Suppose 5*j - 20 = 0, -3*a - 5*j - 930 = 1225. Let o = a + 1147. What are the prime factors of o?
2, 211
Suppose 395*f - 380*f = 47267 + 170833. List the prime factors of f.
2, 5, 727
Let s(i) = -4*i**3 + 21*i**2 + 398*i - 83. What are the prime factors of s(-22)?
3, 14639
Let i(z) = -1518*z - 3937. What are the prime factors of i(-29)?
5, 8017
Let r(y) = 19*y + 435. Let g be r(0). Suppose -3*p + g + 1086 = 0. List the prime factors of p.
3, 13
Suppose -4*r + o + 20047 + 2753 = 0, 17081 = 3*r + 4*o. What are the prime factors of r?
41, 139
Let d(i) = -2*i - 4. Let s be d(-16). Let t(n) = n**2 - 18*n - 10. List the prime factors of t(s).
2, 3, 5
Let v be (52/(-5))/(46/(-805)). Suppose -v*z = -190*z + 576. What are the prime factors of z?
2, 3
Let w(j) = -2*j**3 + 61*j**2 - 6*j + 40. List the prime factors of w(-13).
14821
Suppose 2*i + 13*a = 10*a + 6787, -5*i = -5*a - 16955. What are the prime factors of i?
2, 53
Let k(a) = 344*a**2 + 1. Let y be (1 + 0)*9/(-2 + -7). List the prime factors of k(y).
3, 5, 23
Let c = 11283 + 4744. List the prime factors of c.
11, 31, 47
Let l(c) = 337*c**2 - c - 2. Let g be l(-2). List the prime factors of (g/8)/(2/(-1 - -5)).
337
Let z = -83 + 523. Suppose -2*x + z - 156 = 0. Let s = x + 102. List the prime factors of s.
2, 61
Let g = 148 - 149. What are the prime factors of (18/27)/(g/(-273))?
2, 7, 13
Let s(q) be the second derivative of q**4/6 + q**3/6 - 35*q**2/2 + 76*q. List the prime factors of s(13).
2, 79
List the prime factors of 15144 - -1 - (-2365)/215.
2, 3, 421
Suppose 5*u = u - 252. Let k be (2 + 12/(-15))*(-111 - -1). Let j = u - k. List the prime factors of j.
3, 23
Suppose -30*y + 243859 = -237861 + 34210. What are the prime factors of y?
7, 2131
Suppose 4*i + 2*v = -v + 65, i - 40 = 4*v. Let g(b) = 28*b - 631. Let z be g(23). Let x = z + i. List the prime factors of x.
3, 11
Let g(f) = -59*f**2 - 37*f - 5. Let l(v) = 15*v**2 + 9*v + 1. Let n(b) = 2*g(b) + 9*l(b). List the prime factors of n(2).
3
Let k(m) = -m**3 + 20*m**2 + 15*m - 40. Let z be k(15). Let w = -747 + z. List the prime factors of w.
563
Let s(y) be the first derivative of y**6/120 - y**5/10 + y**4/4 + 7*y**3 - 1. Let d(g) be the third derivative of s(g). List the prime factors of d(-4).
2, 3, 17
Suppose -3*p = -0*f + f - 10, 5*f = -10. Let k be (17/p)/(8/32). Suppose k*y - 245 = 12*y. What are the prime factors of y?
7
Let m = 11027 + -427. List the prime factors of m.
2, 5, 53
Let t(r) = 1. Let n(g) = -29*g + 19. Let z(u) = n(u) + 5*t(u). Let v = 420 + -424. List the prime factors of z(v).
2, 5, 7
Let c = 16917 - 10341. What are the prime factors of c?
2, 3, 137
Let b(h) = 2*h + 6 + 63*h - 3*h. Let n = -2615 + 2616. What are the prime factors of b(n)?
2, 17
Suppose 158*n - 332584 - 575442 = 0. What are the prime factors of n?
7, 821
Let f be (-1)/(25/15) + 78/30. What are the prime factors of (6/9)/(f/711) + 4?
241
Let s = 444 - -181. Let z = 1490 - s. List the prime factors of z.
5, 173
Let s be 0 + 54 - (21 + -26). Suppose -53*x - 126 = -s*x. List the prime factors of x.
3, 7
Suppose -36379 = 503*s - 504*s - 4*d, -3*s - d + 109082 = 0. What are the prime factors of s?
103, 353
Suppose 0 = -w + 14*w - 11076. Suppose s = -m + 2*m - 172, w = 5*m - s. What are the prime factors of m?
2, 5, 17
Suppose 0 = 66*a - 65*a + 4*c - 5554, 5*a = 5*c + 27920. List the prime factors of a.
2, 2789
Let h = 2 + 2. Suppose m = h*n + 414, 0*m - m = -5*n - 414. What are the prime factors of m?
2, 3, 23
Let